= -2 + 5 - 1 - 30*t + 2. What are the prime factors of i(-3)?
2, 47
Let i(x) = -x**2 - 10*x + 3. Let a be i(-10). Suppose -2*c = -a*n - 1, 2 = 3*c - c - 2*n. Suppose c*b - 4*b + 16 = 0. List the prime factors of b.
2
Let r(w) = 9*w**3 - w**2 - w + 17. Let c(n) = -5*n**3 + n**2 - 8. Let y(q) = -7*c(q) - 4*r(q). What are the prime factors of y(-6)?
2, 3
Suppose 3*l - 22 = 53. Let c = 3 - 15. Let g = l + c. What are the prime factors of g?
13
Suppose 977 = -x + 5*x + a, 972 = 4*x - 4*a. Suppose x = -12*d + 1084. List the prime factors of d.
2, 5, 7
Let a = -6 - -4. Let s(k) be the second derivative of 3*k**4/4 + k**3/3 - k**2 - 7*k - 6. What are the prime factors of s(a)?
2, 3, 5
Let l(v) be the first derivative of v**6/360 - v**5/30 + 5*v**4/24 - 4*v**3/3 - 9. Let a(x) be the third derivative of l(x). List the prime factors of a(5).
2, 5
Let d = 61 + -71. What are the prime factors of 6/d*(-6 + (0 - 4))?
2, 3
Let u(j) = -74*j + 4. Let l be u(-2). Let x = l + -100. Suppose -5*b + x + 243 = 0. List the prime factors of b.
59
Suppose -g + 12 = -4*u, -3*g - 2*u = -9 + 1. Suppose g*h - 8 = -0*h, 2*w + 3*h - 120 = 0. What are the prime factors of w?
3, 19
Suppose -p - 1540 = -8*p. List the prime factors of p.
2, 5, 11
Let t = -1021 + 1886. What are the prime factors of t?
5, 173
Suppose -6 = 5*q - 1. Let f(g) = -16*g**3 + g. List the prime factors of f(q).
3, 5
Let h = 339 - 203. What are the prime factors of h?
2, 17
Let r = -59 + 119. Let l(v) = 4*v - 20. Let u be l(5). What are the prime factors of 3 + (r - u/(-5))?
3, 7
Suppose 4*p - 10 = -7*w + 2*w, 0 = 3*p - 2*w - 19. Suppose -p + 14 = c. Suppose -c - 9 = -3*l. List the prime factors of l.
2, 3
Let c(s) = -s**3 + 30*s**2 - 9*s - 22. What are the prime factors of c(29)?
2, 3, 31
Let g = 51 - 29. Let x = -44 + g. List the prime factors of 495/x*4/(-3).
2, 3, 5
Let y = 1958 + -1393. List the prime factors of y.
5, 113
Let d = -1316 - -5786. List the prime factors of d.
2, 3, 5, 149
Let m(l) be the third derivative of l**5/12 + l**4/2 - l**3/6 - 41*l**2. What are the prime factors of m(5)?
2, 23
Let n = 8 - 3. Suppose -5*z - 2*i - n = 0, -2*z + 6*i = 5*i - 7. What are the prime factors of 15/z + 1/(-1)?
2, 7
List the prime factors of 247 - 7/14*-10.
2, 3, 7
Let z(q) = q**3 - 17*q**2 + 11*q - 12. Let r be z(13). Let m = -347 - r. Suppose m = -2*p + 5*p. List the prime factors of p.
2, 3, 11
Let q be ((-6)/4)/(48/(-9856)). Suppose -q = 7*y - 11*y. List the prime factors of y.
7, 11
Suppose 4*b = -4 + 104. Suppose -4*n - 6*s + 3*s - 163 = 0, -3*n + 2*s = 118. List the prime factors of ((-64)/n)/(2/b).
2, 5
Let l(v) = 2*v**2 + 59*v + 30. Let z be l(-29). Let a = 7 + -12. List the prime factors of (0 - a)*z/1.
5
Let q(t) = t**2 + 5*t + 5. Let u be q(10). Let a = 100 + u. List the prime factors of a.
3, 5, 17
Let m(x) = 6*x**2 + x - 4. Let k be m(3). Suppose -k*u + 508 = -49*u. What are the prime factors of u?
127
Suppose 4*c - 3961 = -5*x, -1075 = -5*x - 5*c + 2890. List the prime factors of x.
3, 263
Suppose 3*b - 5*b = -12. What are the prime factors of b + 18 - 3/3?
23
Suppose -4*u = -9*u - 370. Let s = u + 103. List the prime factors of s.
29
Let c(t) = t**2 + 2*t - 13. Let g = -7 + -2. Let a be c(g). Suppose -3*r + 10 = -a. List the prime factors of r.
2, 5
Let r(d) = -2*d**2 + 20*d + 8. Let i = 29 - 20. What are the prime factors of r(i)?
2, 13
Let q(m) = -m + 16. Let v be q(14). Suppose 3*s = z + 430, 0 = 3*s + v*z - 391 - 45. List the prime factors of s.
2, 3
Let b(a) = -a**2 + 6*a + 3. Let o be b(6). Let n = 558 - 556. Suppose -o*w = -4*y + 73, y - n - 21 = -4*w. What are the prime factors of y?
19
Suppose 20 = -r + 3*r + 3*m, 3*r - 8 = m. Let c(j) = j**3 - j + 4*j**2 + r + 5*j + 2*j**2. List the prime factors of c(-5).
3
Suppose 4*t - 5*m + 549 + 134 = 0, -2*t - 359 = m. Let v = t + 246. List the prime factors of v.
3, 23
Let u(k) = 2*k + 35. What are the prime factors of u(-3)?
29
Suppose -1769 = -23*c + 11226. List the prime factors of c.
5, 113
Let h be (-2)/5 - (-204)/60. Let f(o) = 0*o**h + 3 + 5*o - 4*o**3 + o**3 + 2*o**2 + o**3. What are the prime factors of f(-3)?
2, 3, 5
Suppose 14*p - 8 = 18*p. Let v(g) = -34*g + 3. List the prime factors of v(p).
71
Let b(m) = -404*m - 711. List the prime factors of b(-8).
2521
Let z = -4487 + 10286. What are the prime factors of z?
3, 1933
Suppose 8*g = 17*g - 6*g. Suppose 0 = 5*w + 4*u - 323, -2*w - 2*u + 61 = -w. Suppose c - w = -2*d - 2, -2*d + c + 75 = g. List the prime factors of d.
5, 7
Suppose 1 = -h + 4*z, 47 - 4 = -3*h + 2*z. Let b(q) = -q + 13. Let m be b(h). Suppose 0 = 2*i - m - 82. What are the prime factors of i?
2, 7
Let x = 2486 + -1657. What are the prime factors of x?
829
Let j be ((-31)/4)/((-5)/20). Let u = j - -7. List the prime factors of u.
2, 19
Let x(n) be the first derivative of -n**4/4 - 5*n**3 - 13*n**2/2 + 25*n - 25. List the prime factors of x(-14).
11
Let o(z) = -104 - 69*z + 104. List the prime factors of o(-3).
3, 23
Let d(l) = l**3 - 19*l**2 - 31*l + 42. Let u(o) = -15*o - 39. Let w be u(-4). List the prime factors of d(w).
3, 7, 13
Suppose -3*i + 41 = -0*i + 4*q, 3*i - q - 61 = 0. What are the prime factors of i?
19
Let x(q) = 37*q - 5. Let u be x(4). Suppose 5*k = u + 127. List the prime factors of k.
2, 3
Suppose 275 = 5*p + 2*k - 0*k, -3*p + 165 = 3*k. Suppose 0 = 3*h - 8*h + p. Let b = h + 11. What are the prime factors of b?
2, 11
Suppose -2*v = -d - 7340, -4340 = -v + 3*d - 660. What are the prime factors of v?
2, 7, 131
Suppose -859 = -2*r + 787. List the prime factors of r.
823
Let k(a) = a**2 + 5*a - 21. Let f be k(-8). List the prime factors of (4/12)/(f/399)*3.
7, 19
Let y be (-1)/(-2)*36/3. List the prime factors of ((-8)/y)/((-3)/180).
2, 5
Let c(x) = 1989*x**2 + x + 3. List the prime factors of c(1).
1993
Let r(o) = 22*o + 3. List the prime factors of r(8).
179
Suppose 4*r + 2*n - 2394 = 0, 22*r + 4*n = 25*r - 1812. What are the prime factors of r?
2, 3, 5
Suppose -4*z + 507 = -453. Suppose -15*w - z = -18*w. List the prime factors of w.
2, 5
Let u = -54 + 146. Suppose 0*z + u = 2*z. List the prime factors of z.
2, 23
Let c = 166 + -78. Let x be (-4)/(-22) - (-248)/c. Suppose -10*a = -x*a - 238. List the prime factors of a.
2, 17
Let a(h) = -h**3 + 37*h**2 - 20*h + 40. What are the prime factors of a(36)?
2, 7, 11
Suppose 19*m = 15*m + 16. Suppose -2*c + d + d + 188 = 0, 5*d + 377 = m*c. What are the prime factors of c?
3, 31
Let i = 36 - -42. List the prime factors of i.
2, 3, 13
Suppose 4*q - 3*w - 8 - 44 = 0, 3*q - 5*w - 39 = 0. Suppose -207 - q = -4*v. What are the prime factors of v?
5, 11
Suppose 5*u - t = 7, -2*u + 4*u + 5 = 3*t. Suppose -27 = u*q + 3. Let d = -7 - q. What are the prime factors of d?
2
List the prime factors of (-28)/(-35)*(11 + 3744).
2, 751
Let a be 26/(-10) - 12/30. Let j be a/((2 - 3)*1). Suppose -16 = -j*d + 86. List the prime factors of d.
2, 17
Let c be (0 + (-6)/4)/((-11)/22). Let a = 0 + 0. Suppose a = z - 3*p - 48, c*p + 102 = 4*z - 2*z. List the prime factors of z.
2, 3
Let p(d) = 75*d - 3. Let s be p(-4). Let k = s - -484. What are the prime factors of k?
181
What are the prime factors of (-28)/(-8)*69824/112?
2, 1091
Let a = -137 - -467. What are the prime factors of a?
2, 3, 5, 11
Let c(b) = -5*b**3 - 8*b**2 - 10*b - 24. List the prime factors of c(-7).
37
Let x = 8589 - 4007. What are the prime factors of x?
2, 29, 79
What are the prime factors of 341 - 1 - (-5)/(35/(-28))?
2, 3, 7
List the prime factors of (3922/(-37))/(2*(-2)/32).
2, 53
Suppose -7*c - 7*c = -15610. What are the prime factors of c?
5, 223
Let p = 319 + 80. List the prime factors of p.
3, 7, 19
Suppose z + 2 - 4 = 0. List the prime factors of 2 - -1 - ((2 - z) + -172).
5, 7
Suppose 2*l = 4*l. Suppose 6*h - 20 - 52 = l. What are the prime factors of h?
2, 3
Suppose 0 = 6*n - 18 - 12. Suppose -5*q + n*t = 5, -q - t - 3 = -4*q. List the prime factors of q.
2
List the prime factors of 20/(-6) - -3 - 61952/(-33).
1877
Suppose p + 20 = -3*i - 3*p, 3*i = -p - 14. What are the prime factors of 27 + (0/i)/(-3)?
3
Let r(q) = 21*q**2 - 7*q + 25. What are the prime factors of r(-5)?
3, 5, 13
Suppose -h = -3*h + 10. List the prime factors of (-2)/h + 294/35.
2
Let w(c) = -c**3 - 6*c**2 + 16*c - 120. List